{"id":156,"date":"2017-05-14T10:15:36","date_gmt":"2017-05-14T08:15:36","guid":{"rendered":"http:\/\/fanfarepully.ch\/portail\/portail\/?page_id=156"},"modified":"2025-07-22T20:53:39","modified_gmt":"2025-07-22T18:53:39","slug":"musiciens","status":"publish","type":"page","link":"https:\/\/fanfarepully.ch\/portail\/?page_id=156","title":{"rendered":"Musiciens"},"content":{"rendered":"ngg_shortcode_0_placeholder\n<table border=\"0\">\n<tbody>\n<tr>\n<td valign=\"top\">\n<h2>Directeur<\/h2>\n<p>PECORINI St\u00e9phane<\/p>\n<h2>Cornets<\/h2>\n<p>BERARD El\u00e9onore<br \/>\nDITESHEIM Arnaud<br \/>\nELEZI Nadia<br \/>\nMARCHAND Charles Edouard<br \/>\nMARCHAND Fanny Ang\u00e8le (en cong\u00e9)<br \/>\nMARCHAND Paul Emile<br \/>\nMARCHAND Pierre Alexandre<br \/>\nPOUPETTE<br \/>\nROBERT Pablo (en cong\u00e9)<br \/>\nROSSEL Maxime<br \/>\nROSSEL Ren\u00e9<br \/>\nVOEFFRAY Thomas<\/p>\n<h2>Bugle et Altos<\/h2>\n<p>ANDREIUOLO Marcello<br \/>\nBERARD Chantal<br \/>\nVOUMARD J\u00e9r\u00e9mie<\/p>\n<h2>Porte-drapeau<\/h2>\n<p>WAMPACH Pierre-Olivier<\/td>\n<td valign=\"top\">\n<h2>Euphoniums et barytons<\/h2>\n<p>BERARD Didier<br \/>\nKOHLER Sidonie<br \/>\nLIARDET Etienne<br \/>\nMARTIN Jean-Daniel<br \/>\nBARC No\u00e9<\/p>\n<h2>Trombones<\/h2>\n<p>MARCHAND Jacques Antoine (en cong\u00e9)<br \/>\nSTEIGER Urs<\/p>\n<h2>Basses<\/h2>\n<p>ABETEL Olivier<\/p>\n<h2>Percussion<\/h2>\n<p>BACOR Jade<br \/>\nDEGLON Christophe<br \/>\nFASEL Jean-Baptiste<br \/>\nVOEFFRAY Lucien<\/p>\n<h2>Tambour<\/h2>\n<p>BRUNNER Aline<\/td>\n<\/tr>\n<\/tbody>\n<\/table>\n","protected":false},"excerpt":{"rendered":"<p>Directeur PECORINI St\u00e9phane Cornets BERARD El\u00e9onore DITESHEIM Arnaud ELEZI Nadia MARCHAND Charles Edouard MARCHAND Fanny Ang\u00e8le (en cong\u00e9) MARCHAND Paul Emile MARCHAND Pierre Alexandre POUPETTE ROBERT Pablo (en cong\u00e9) ROSSEL Maxime ROSSEL Ren\u00e9 VOEFFRAY Thomas Bugle et Altos ANDREIUOLO Marcello BERARD Chantal VOUMARD J\u00e9r\u00e9mie Porte-drapeau WAMPACH Pierre-Olivier Euphoniums et barytons BERARD Didier KOHLER Sidonie LIARDET &hellip; <\/p>\n<p class=\"link-more\"><a href=\"https:\/\/fanfarepully.ch\/portail\/?page_id=156\" class=\"more-link\">Continuer la lecture<span class=\"screen-reader-text\"> de &laquo;&nbsp;Musiciens&nbsp;&raquo;<\/span><\/a><\/p>\n","protected":false},"author":1,"featured_media":0,"parent":0,"menu_order":0,"comment_status":"closed","ping_status":"closed","template":"","meta":{"ngg_post_thumbnail":0,"footnotes":""},"class_list":["post-156","page","type-page","status-publish","hentry"],"_links":{"self":[{"href":"https:\/\/fanfarepully.ch\/portail\/index.php?rest_route=\/wp\/v2\/pages\/156","targetHints":{"allow":["GET"]}}],"collection":[{"href":"https:\/\/fanfarepully.ch\/portail\/index.php?rest_route=\/wp\/v2\/pages"}],"about":[{"href":"https:\/\/fanfarepully.ch\/portail\/index.php?rest_route=\/wp\/v2\/types\/page"}],"author":[{"embeddable":true,"href":"https:\/\/fanfarepully.ch\/portail\/index.php?rest_route=\/wp\/v2\/users\/1"}],"replies":[{"embeddable":true,"href":"https:\/\/fanfarepully.ch\/portail\/index.php?rest_route=%2Fwp%2Fv2%2Fcomments&post=156"}],"version-history":[{"count":28,"href":"https:\/\/fanfarepully.ch\/portail\/index.php?rest_route=\/wp\/v2\/pages\/156\/revisions"}],"predecessor-version":[{"id":9148,"href":"https:\/\/fanfarepully.ch\/portail\/index.php?rest_route=\/wp\/v2\/pages\/156\/revisions\/9148"}],"wp:attachment":[{"href":"https:\/\/fanfarepully.ch\/portail\/index.php?rest_route=%2Fwp%2Fv2%2Fmedia&parent=156"}],"curies":[{"name":"wp","href":"https:\/\/api.w.org\/{rel}","templated":true}]}}